 r be f(-4). Let o(p) = 7 - 3*p - 2*p + 4*p. Determine o(r).
7
Let a(f) = 13*f**3 - f**2 - f + 6. Let y(v) = -24*v**3 + v**2 + 3*v - 11. Let q(p) = -11*a(p) - 6*y(p). Give q(-6).
6
Let s(k) = k + 9. Let d(b) = b + 7. Let z(l) = -2*d(l) + 3*s(l). Calculate z(-14).
-1
Suppose 3*a + a + 5*k = 31, 2*a + 3*k - 17 = 0. Let y(g) = 4 + 1 + 2*g**2 - g**3 + 0*g**3 - 6 + a*g. Give y(3).
2
Suppose -4*z + 2*z + 5*m + 14 = 0, -4*z + 10 = -m. Suppose -z*y = 4*y - 30. Let k(b) = b**3 - 4*b**2 - 5*b - 5. Determine k(y).
-5
Let t = -664 - -664. Let y(a) be the third derivative of a**4/24 + a**3/2 - a**2. Determine y(t).
3
Suppose 0 = 37*w + 124 - 235. Let i(g) = -3*g**2 + 9*g - 1. Determine i(w).
-1
Let k(t) = 2*t**2 + 10*t - 13. Let z(n) = -n + 7. Let f be z(12). Let x(u) = -u**2 - 5*u + 6. Let r(a) = f*x(a) - 2*k(a). Calculate r(-3).
-10
Let q(s) be the second derivative of -14*s - s**2 + 0 + 1/6*s**3. Calculate q(1).
-1
Suppose -2*p + 1 = -9. Let a(x) = -x + 4. Let d be a(p). Let t(n) = 5*n**3. What is t(d)?
-5
Let b be ((-4)/18)/((-1)/9). Suppose -4*z = -b*f - 18, -3*f - 4 + 1 = 0. Let m(r) = -2*r - z*r + 1 + 3*r. Calculate m(1).
-2
Let c = 1382 + -1374. Let w(p) = p**3 - 8*p**2 - 7*p + 9. Give w(c).
-47
Let q = 44 - 42. Let d(x) = -7 + 2*x**2 + 9*x - q*x**2 - x**2. What is d(9)?
-7
Let u(y) be the first derivative of 14*y**3/3 + y + 200. Calculate u(-1).
15
Let u(h) = -h**2 - 5*h + 29. Let p be u(-7). Let c(f) = -f**2 + p - 33 + 20 - 6*f. Calculate c(-6).
2
Let p(d) = 2*d**2 - 3 - 6*d + 4 + 2*d**3 + 8*d. Suppose 10*g = -28*g - 38. Calculate p(g).
-1
Let u(o) = -o**3 - 4*o**2 + 3*o + 7. Suppose -5*g + 944 = 3*g. Let b = 113 - g. Determine u(b).
17
Let i(x) = -x**2 + 1. Let m be i(-1). Suppose z = -4*z - 15, 4*v - z - 11 = m. Let y(r) = 6*r**v + 3 - 7*r**2 - 7*r - 1 - 5. Give y(-6).
3
Let g be (-4 - 35/(-5)) + 2. Let o(b) be the second derivative of b**3/6 + b**2/2 - 4*b. Calculate o(g).
6
Let s(v) = -v. Suppose 0 = -9*y + 311 - 77. Let a = 20 - y. Give s(a).
6
Let p(k) be the first derivative of k**3/3 + 17*k**2/2 - 18*k + 365. What is p(-17)?
-18
Let f(x) = x**3 - x**2 - x - 3. Let y be (-5 - -6)*(-1 + 2/2). Calculate f(y).
-3
Suppose -2*f = -3*l + 29, -22 = -11*f + 12*f - 3*l. Let u(d) = d**3 + 6*d**2 - 7*d + 1. Calculate u(f).
1
Suppose -2*u + 10 = -0*u, x - 28 = -4*u. Let c(f) = f**2 - 8*f - 4. Let k be c(x). Let m(w) = -4 - 50530*w + 0 + w**2 + 50531*w + 2. Calculate m(k).
10
Let r(x) = -x**3 + 4*x**2 - 2*x + 5. Let w(y) = -y**3 + 12*y**2 + 24*y - 12. Let a be w(14). Let n = a - -72. Give r(n).
-3
Let q be (-1 - 2/(-3)) + 10/3. Let z be 3/(-2)*q/((-3)/(-2)). Let h(x) = 2*x**2 + 3*x - 4. What is h(z)?
5
Let t(m) = -m + 16. Suppose -y + 33 = 2*y. Let q be t(y). Let j(w) = 3 + 0*w + 3 - q + 5*w. Give j(-1).
-4
Let n(y) = 27*y - 11077 + 0*y**2 + 11062 + 2*y**2. Calculate n(-14).
-1
Let m(t) be the third derivative of -t**5/60 + t**4/6 - t**3/3 + t**2 - 84*t. Let p be 60/14 + (-4)/14. Give m(p).
-2
Let v(k) = -16*k**2 - 14*k + 39. Let q(r) = 3*r**2 + 3*r - 8. Let o(h) = 11*q(h) + 2*v(h). Determine o(-7).
4
Let z(c) = c**3 + 5*c**2 + 4*c + 1. Let l be (50/14 - 4)*-7. Suppose 31*k - 32*k = l. Give z(k).
7
Let d(m) = -m**2 + 6*m + 5. Suppose -12 = -111*x + 108*x. Calculate d(x).
13
Let c(z) = z**3 - 8*z**2 + 9*z - 10. Let g be 3 + -2*(-12)/(-8) - -35. Let t = -28 + g. What is c(t)?
4
Let n = -45 + 47. Suppose -n*b + c + 2 = -3*b, 2*b = 4*c + 8. Let r(s) = s**2 + s - 15. Calculate r(b).
-15
Let r(o) = 5*o**2 - 5559 - 5561 - o**3 + 11113 + 10*o. Calculate r(6).
17
Let j(d) = 6*d**2 + 10*d + 14. Let t(u) = -5*u**2 - 8*u - 13. Let f(l) = -4*j(l) - 5*t(l). Determine f(0).
9
Let r = 709 + -725. Let z(k) = 2*k**2 + 32*k - 2. What is z(r)?
-2
Let x(p) be the first derivative of p**4/4 + p**3/3 + 5*p**2/2 + 4*p - 387. Determine x(-3).
-29
Let x(n) be the third derivative of 7*n**6/120 + n**5/30 - n**3/6 + 72*n**2. Determine x(1).
8
Let x(r) be the second derivative of -r**5/120 - r**4/24 - r**3/6 + 7*r. Let g(m) be the second derivative of x(m). What is g(6)?
-7
Let v(p) = 4*p + 21. Let y(g) = -3*g - 21. Let x(n) = -2*v(n) - 3*y(n). Suppose -3068*i = -3107*i. What is x(i)?
21
Let f = 9 + -30. Let y = 31 + f. Suppose 3*a = y + 5. Let i(g) = -g**3 + 6*g**2 - 5*g + 3. Determine i(a).
3
Let x(s) = 9*s**2 + s. Suppose 2*w - w = -3*u - 212, 2*w + 5*u = -420. Let a be 12/42 - w/(-14). Let h = a - -15. Determine x(h).
10
Let s = 89 + -87. Let i be (2/(-1))/((-2)/3). Let p(g) = s*g**2 - g**2 + 6*g**i - 4*g**3. Give p(1).
3
Let q(r) be the second derivative of r**3/6 + r**2 + 47*r. Calculate q(6).
8
Let h = 6 - 1. Suppose -5 = -6*l + h*l. Suppose l = -2*o - 3*o. Let w(p) = -11*p**3 - 1. Calculate w(o).
10
Suppose 0 = 3*m + 2*w - 4*w - 2, 5*w = -5*m - 5. Suppose m = 5*j + 28 + 17. Let z(g) = 2*g + 7. Calculate z(j).
-11
Let g be (-1)/(3/(-39)) - 1. Suppose -g*d = -16*d. Let f(v) = v + 7. Determine f(d).
7
Let h(u) be the third derivative of -1/2*u**3 - 1/120*u**6 + 0*u + 0*u**4 + 0 - 1/20*u**5 + 11*u**2. Determine h(-3).
-3
Let y be -1 - 3*12/(-9). Let o(v) = v**y + v**2 - 7 + 6 + 2. What is o(0)?
1
Let p(h) = h**3 + 4*h - 6*h**3 - 10*h**3 + 4*h**3 - 3*h. Give p(1).
-10
Let v(x) be the first derivative of -x**4/12 - x**3 + x - 19. Let p(s) be the first derivative of v(s). Calculate p(-6).
0
Let q(f) = -f**3 - 3*f**2 + 4*f + 4. Let h be q(-4). Let p = h + -5. Let b(s) = s. Let o(j) = 4*j**2 + j. Let k(t) = 2*b(t) - o(t). Give k(p).
-5
Suppose 5*u - 280 = -2*l, 2*u - 241 = -2*u - 5*l. Let m = u - 56. Let b(g) = 2*g + 1. What is b(m)?
-3
Let i(m) = 5*m - 8. Let q be i(2). Let d(y) = -9*y**3 + 65*y**q + 3*y - 63*y**2 - 2*y. Calculate d(-1).
10
Let h(q) = -q + 1. Let y(n) = -4*n. Let t(w) = 5*h(w) - y(w). Calculate t(10).
-5
Let g(c) = -2*c**2 + 64*c + 5. Let p be g(32). Let h(n) = -n**3 + 6*n**2 - 6*n + 10. Give h(p).
5
Let x(w) be the second derivative of -11/12*w**4 + 1/3*w**3 + 1/2*w**2 - 24*w + 0. Give x(-1).
-12
Let w be 2/10 - (-5 - (-112)/35). Let i(j) = 5*j - 2 + j**2 - 3*j**2 - j + 0*j**w. Suppose -3*t + 14 - 8 = 0. Give i(t).
-2
Let g(u) = u**3 + 6*u**2 + 5*u - 1. Suppose m = 4 + 17. Suppose 4*d - 5 = -m. Determine g(d).
11
Let w(q) be the second derivative of -q**4/12 + q**3/6 - 5*q**2/2 + q. Let k = -14103 + 14103. Give w(k).
-5
Let a(d) be the second derivative of -4*d**3/3 + 11*d**2/2 - 18*d. Let l(j) = -j + 2*j - 1 + 0. Let m(u) = -2*a(u) - 18*l(u). Determine m(-4).
4
Let u(t) be the third derivative of -t**4/24 - t**3/6 - t**2. Suppose -h = -8*c + 5*c + 32, c = -5*h + 16. Let w be c/(-22) - (-2)/4. Determine u(w).
-1
Let h(a) = a**3 - 5*a**2 - 6*a - 8. Let q be (-13)/(65/(-30)) - 0. Determine h(q).
-8
Let p(h) = -h**2 + 3*h + 9. Let r(w) = -w**2 + 3*w + 10. Let v(t) = 5*p(t) - 4*r(t). Let s(n) = -2*n - 4. Let b be s(-3). Suppose -d + 3 = -b. Give v(d).
-5
Let o(f) = 2*f**2 + 33*f + 18. Let s = 1071 + -1087. Calculate o(s).
2
Let i(a) = -a**2 + 2*a. Let q(g) = -3*g**2 - 9*g + 2. Let c(m) = -3*i(m) - q(m). Give c(2).
28
Suppose 34 - 20 = 7*a. Let g(t) = 3*t + 2*t**a + 3 + 4*t**2 - t**3 - t**2 - 4*t**2. Give g(3).
-6
Let g(z) = -z + 3. Let w be (-1 - 34/10)*(-35)/14. Let m(u) = 2*u - 10. Let s(c) = w*g(c) + 4*m(c). Calculate s(-6).
11
Let i(a) be the third derivative of 1/8*a**4 - a**2 + 0*a - 1/6*a**3 + 0. Let s(d) = d**2 + d - 1. Let x be s(-2). What is i(x)?
2
Let u(z) = -2*z - 6. Let t = -245 + 241. What is u(t)?
2
Let g(b) = -b**3 + 4*b**2 + b - 3. Let s(z) = -z**3 - 9*z**2 + 24*z + 25. Let o be s(-11). What is g(o)?
9
Let a(d) be the second derivative of d**3/6 + 9*d**2/2 - 2*d + 39. Give a(-4).
5
Let p(l) be the first derivative of -7/2*l**2 + 1/4*l**4 - 5*l - l**3 + 3. Let u(r) = -2*r**3 + 2*r**2 + 7*r + 5. Let w(t) = 3*p(t) + 2*u(t). What is w(-4)?
7
Let y(g) = -g**3 - 6*g**2 + 2*g + 3. Suppose x - 9 = 4*i + 12, 0 = i - 3*x - 3. Let a be -2 + (-11)/i + (-525)/90. What is y(a)?
-9
Suppose a = -4 + 6. Let n(q) = q**2 - 7*q + 3. Let k(g) = 9*g - 4. Let u(b) = 2*k(b) + 3*n(b). Calculate u(a).
7
Let q(t) = -t**3 + 2*t**2 + t. Let w = -161 - -160. Give q(w).
2
Let x(a) = -a**3 + 6*a**2 + 5*a - 11. Let l be (-1)/(46/(-322)*(2 - 1)). Determine x(l).
-25
Let o(f) = -15*f - 111. Let r(i) = -i - 7. Let v(x) = -2*o(x) + 33*r(x). Let l(c) = 12*c - 31. Let a be l(2). Cal